lse
Is 932008867 composite?
True
Is 2925067315 a prime number?
False
Is 401843413 prime?
True
Is 3451186873 a prime number?
True
Is 28335995977 composite?
True
Is 314458159 a composite number?
False
Is 21994654289 a prime number?
True
Is 921379229 prime?
True
Is 59566597 a prime number?
False
Is 413842657 composite?
True
Is 2937461777 a prime number?
False
Is 100709687293 composite?
True
Is 4376286043 a composite number?
True
Is 17613797239 composite?
False
Is 17001926027 a prime number?
True
Is 6014513717 composite?
False
Is 5565979 a prime number?
True
Is 772101349 a prime number?
False
Is 436455029 composite?
False
Is 17152376671 a prime number?
True
Is 7558234303 prime?
False
Is 4639815493 a prime number?
True
Is 7032383753 a composite number?
False
Is 56286877 composite?
True
Is 3209779882 a composite number?
True
Is 2904171887 prime?
True
Is 76148339 prime?
True
Is 760268811 prime?
False
Is 71446307 a prime number?
True
Is 70899413 composite?
True
Is 20948490247 a prime number?
False
Is 2852844473 a prime number?
False
Is 1725861829 a composite number?
False
Is 6794971907 composite?
False
Is 1262343359 prime?
True
Is 6834068671 a composite number?
False
Is 23772521159 composite?
False
Is 208341821 a prime number?
False
Is 107267347823 a prime number?
True
Is 277899359 composite?
False
Is 7882862573 a composite number?
True
Is 628221059 a prime number?
True
Is 1813619909 a composite number?
False
Is 663461347 composite?
False
Is 12382324217 a composite number?
False
Is 254892541 composite?
True
Is 175047767 composite?
True
Is 33897233847 a composite number?
True
Is 120469187117 a prime number?
True
Is 33248052533 composite?
True
Is 298975307 prime?
False
Is 37783545871 a prime number?
True
Is 18481488127 a prime number?
True
Is 2182031843 a prime number?
False
Is 2109264923 prime?
True
Is 75611928679 composite?
True
Is 532686173 prime?
False
Is 138518220653 a prime number?
False
Is 5014555231 a prime number?
False
Is 23071105333 a prime number?
True
Is 1993599143 composite?
False
Is 3442713467 prime?
False
Is 230372593819 composite?
False
Is 927787079 a prime number?
True
Is 36048931631 a prime number?
True
Is 133755582061 a composite number?
False
Is 76397193479 a composite number?
False
Is 607767487 a composite number?
False
Is 11041336006 composite?
True
Is 47894627049 prime?
False
Is 19823249 prime?
True
Is 2350228379 prime?
False
Is 235332434 prime?
False
Is 8380703081 composite?
False
Is 1962855094 composite?
True
Is 86539043143 composite?
True
Is 42340009703 composite?
True
Is 13930697083 a prime number?
True
Is 2469008341 a prime number?
False
Is 8766634601 composite?
False
Is 297664737 a composite number?
True
Is 14877488627 a prime number?
True
Is 50657062913 composite?
False
Is 15815057 a prime number?
False
Is 15787600921 a composite number?
True
Is 1423007137 a composite number?
False
Is 267570073 prime?
True
Is 663380309 a prime number?
False
Is 3615397433 a prime number?
False
Is 171254368267 composite?
True
Is 11478563501 prime?
True
Is 15878810929 a composite number?
True
Is 15840282599 a composite number?
False
Is 372612623 composite?
False
Is 27936188597 a composite number?
True
Is 21304778977 composite?
False
Is 53282819 a composite number?
True
Is 57689152487 a composite number?
False
Is 214251948151 composite?
False
Is 309523897 a prime number?
True
Is 12251065327 composite?
False
Is 705507199 prime?
False
Is 924715039 composite?
True
Is 4123535011 composite?
True
Is 26879065467 composite?
True
Is 6052229173 prime?
False
Is 15789501241 a prime number?
False
Is 531275681 prime?
True
Is 2364720301 a composite number?
True
Is 6854414459 prime?
False
Is 53973581 composite?
True
Is 3475839781 prime?
True
Is 2661623869 prime?
True
Is 136000794827 a composite number?
False
Is 725679929 composite?
True
Is 2355780881 a composite number?
False
Is 206318491 a composite number?
False
Is 1717131653 a composite number?
False
Is 5625676309 prime?
False
Is 3116847413 a prime number?
False
Is 2415516307 composite?
True
Is 1675413469 a prime number?
True
Is 367070703 composite?
True
Is 7250183 prime?
True
Is 11158625473 prime?
True
Is 4346534693 a composite number?
True
Is 579801149 a composite number?
False
Is 1711893103 composite?
True
Is 2638537613 composite?
False
Is 52593829027 composite?
False
Is 31943586665 a composite number?
True
Is 2669729551 composite?
False
Is 4351042001 a composite number?
False
Is 2158104937 composite?
True
Is 1011183869 composite?
False
Is 186080057 composite?
False
Is 3476342703 a prime number?
False
Is 51239117539 a composite number?
False
Is 13011921821 prime?
True
Is 2877236839 a prime number?
True
Is 153052979 prime?
False
Is 171594053 composite?
True
Is 3982516267 prime?
True
Is 1770689183 composite?
True
Is 9564679973 composite?
True
Is 7422879769 prime?
False
Is 264604121 prime?
False
Is 4167376099 composite?
False
Is 253254805 a prime number?
False
Is 91377854143 a prime number?
True
Is 4302741697 a composite number?
False
Is 44231416379 a prime number?
True
Is 10107827143 a composite number?
False
Is 4653647 a prime number?
True
Is 192912389 a prime number?
True
Is 7046116753 prime?
False
Is 1102981961 prime?
True
Is 1348634171 prime?
False
Is 186772805755 a composite number?
True
Is 4876259797 prime?
False
Is 260122069855 composite?
True
Is 1651583387 composite?
False
Is 36110791 composite?
True
Is 73648937 prime?
True
Is 303420149 a prime number?
False
Is 14927025439 a prime number?
True
Is 28436087291 a composite number?
True
Is 54938856041 a prime number?
False
Is 54456307381 a composite number?
True
Is 6047156747 a composite number?
False
Is 49001941481 prime?
False
Is 19592639681 a composite number?
True
Is 2403897007 a prime number?
False
Is 269695949 composite?
True
Is 2476601615 a composite number?
True
Is 11802046397 prime?
True
Is 737730629 a prime number?
True
Is 97102572971 composite?
False
Is 411523871 a composite number?
True
Is 15309131347 a prime number?
False
Is 490387069 a composite number?
False
Is 1717636417 prime?
False
Is 122709663095 prime?
False
Is 2261842459 prime?
True
Is 3141851941 prime?
False
Is 1760033563 a composite number?
True
Is 142149420289 prime?
True
Is 444846569 prime?
True
Is 17707380623 a prime number?
True
Is 6636052091 composite?
True
Is 128727269 prime?
False
Is 2310660973 a composite number?
False
Is 47559540065 prime?
False
Is 12062010005 prime?
False
Is 2432384989 prime?
False
Is 811082429 prime?
False
Is 5644893637 a composite number?
True
Is 6935041873 composite?
False
Is 43178450459 a prime number?
False
Is 431454845 composite?
True
Is 52972063 a composite number?
False
Is 14545639423 prime?
False
Is 21657403687 prime?
True
Is 61856443147 a prime number?
False
Is 104497790689 a prime number?
True
Is 3041693027 a composite number?
True
Is 3613173787 a composite number?
False
Is 339143377 prime?
True
Is 1592742103 a prime number?
True
Is 31248221 a composite number?
False
Is 39223830727 a composite number?
True
Is 8765156047 composite?
True
Is 38593736219 a prime number?
True
Is 3286538083 a composite number?
False
Is 3491907257 a prime number?
False
Is 282343431 composite?
True
Is 1218769133 prime?
True
Is 25076740753 prime?
True
Is 3812016869 a composite number?
True
Is 1015551533 a composite number?
False
Is 859202077 prime?
True
Is 1238825729 a composite number?
False
Is 60132022438 prime?
False
Is 582276209 a prime number?
False
Is 8706151967 a composite number?
False
Is 22823458283 composite?
False
Is 1108083847 prime?
False
Is 8747473513 a composite number?
False
Is 3115917073 composite?
True
Is 28403611349 prime?
True
Is 3908607463 a composite number?
False
Is 1731743759 composite?
True
Is 181785249553 a prime number?
True
Is 31345723657 prime?
True
Is 11200220686 a composite number?
True
Is 11674948057 composite?
True
Is 636788678 prime?
False
Is 4792041731 a composite number?
True
Is 5120173759 composite?
False
Is 151325677473 a prime number?
False
Is 159271133 a composite number?
True
Is 5492658737 composite?
False
Is 1383094793 composite?
True
Is 67114954421 composite?
True
Is 31868815733 a composite number?
False
Is 191301347 a prime number?
True
Is 2720510237 a composite number?
True
Is 17329226219 a prime number?
True
Is 42722